[INFO] cloning repository https://github.com/SF-Software/Shadow-RPG
[INFO] running `Command { std: "git" "-c" "credential.helper=" "-c" "credential.helper=/workspace/cargo-home/bin/git-credential-null" "clone" "--bare" "https://github.com/SF-Software/Shadow-RPG" "/workspace/cache/git-repos/https%3A%2F%2Fgithub.com%2FSF-Software%2FShadow-RPG", kill_on_drop: false }`
[INFO] [stderr] Cloning into bare repository '/workspace/cache/git-repos/https%3A%2F%2Fgithub.com%2FSF-Software%2FShadow-RPG'...
[INFO] running `Command { std: "git" "rev-parse" "HEAD", kill_on_drop: false }`
[INFO] [stdout] ca0f4c8ce32e95dcf0f8a52ae569e051cdee7cc0
[INFO] building SF-Software/Shadow-RPG against master#881c1ac408d93bb7adaa3a51dabab9266e82eee8 for issue-85264
[INFO] running `Command { std: "git" "clone" "/workspace/cache/git-repos/https%3A%2F%2Fgithub.com%2FSF-Software%2FShadow-RPG" "/workspace/builds/worker-12/source", kill_on_drop: false }`
[INFO] [stderr] Cloning into '/workspace/builds/worker-12/source'...
[INFO] [stderr] done.
[INFO] validating manifest of git repo https://github.com/SF-Software/Shadow-RPG on toolchain 881c1ac408d93bb7adaa3a51dabab9266e82eee8
[INFO] running `Command { std: "/workspace/cargo-home/bin/cargo" "+881c1ac408d93bb7adaa3a51dabab9266e82eee8" "metadata" "--manifest-path" "Cargo.toml" "--no-deps", kill_on_drop: false }`
[INFO] started tweaking git repo https://github.com/SF-Software/Shadow-RPG
[INFO] finished tweaking git repo https://github.com/SF-Software/Shadow-RPG
[INFO] tweaked toml for git repo https://github.com/SF-Software/Shadow-RPG written to /workspace/builds/worker-12/source/Cargo.toml
[INFO] crate git repo https://github.com/SF-Software/Shadow-RPG already has a lockfile, it will not be regenerated
[INFO] running `Command { std: "/workspace/cargo-home/bin/cargo" "+881c1ac408d93bb7adaa3a51dabab9266e82eee8" "fetch" "--manifest-path" "Cargo.toml", kill_on_drop: false }`
[INFO] [stderr]  Downloading crates ...
[INFO] [stderr]   Downloaded num v0.1.39
[INFO] [stderr]   Downloaded num-traits v0.1.39
[INFO] [stderr]   Downloaded lru_time_cache v0.6.0
[INFO] running `Command { std: "docker" "create" "-v" "/var/lib/crater-agent-workspace/builds/worker-12/target:/opt/rustwide/target:rw,Z" "-v" "/var/lib/crater-agent-workspace/builds/worker-12/source:/opt/rustwide/workdir:ro,Z" "-v" "/var/lib/crater-agent-workspace/cargo-home:/opt/rustwide/cargo-home:ro,Z" "-v" "/var/lib/crater-agent-workspace/rustup-home:/opt/rustwide/rustup-home:ro,Z" "-e" "SOURCE_DIR=/opt/rustwide/workdir" "-e" "CARGO_TARGET_DIR=/opt/rustwide/target" "-e" "CARGO_HOME=/opt/rustwide/cargo-home" "-e" "RUSTUP_HOME=/opt/rustwide/rustup-home" "-w" "/opt/rustwide/workdir" "-m" "1610612736" "--user" "0:0" "--network" "none" "ghcr.io/rust-lang/crates-build-env/linux@sha256:20528e8c29e4536546f0102ce88568b16ea7538393a33fcca951030f7af10457" "/opt/rustwide/cargo-home/bin/cargo" "+881c1ac408d93bb7adaa3a51dabab9266e82eee8" "metadata" "--no-deps" "--format-version=1", kill_on_drop: false }`
[INFO] [stdout] f687d6dc1b4e6d9a3bef9c050811333d88708d57bc8e530a722b3398729783df
[INFO] [stderr] WARNING: Your kernel does not support swap limit capabilities or the cgroup is not mounted. Memory limited without swap.
[INFO] running `Command { std: "docker" "start" "-a" "f687d6dc1b4e6d9a3bef9c050811333d88708d57bc8e530a722b3398729783df", kill_on_drop: false }`
[INFO] running `Command { std: "docker" "inspect" "f687d6dc1b4e6d9a3bef9c050811333d88708d57bc8e530a722b3398729783df", kill_on_drop: false }`
[INFO] running `Command { std: "docker" "rm" "-f" "f687d6dc1b4e6d9a3bef9c050811333d88708d57bc8e530a722b3398729783df", kill_on_drop: false }`
[INFO] [stdout] f687d6dc1b4e6d9a3bef9c050811333d88708d57bc8e530a722b3398729783df
[INFO] running `Command { std: "docker" "create" "-v" "/var/lib/crater-agent-workspace/builds/worker-12/target:/opt/rustwide/target:rw,Z" "-v" "/var/lib/crater-agent-workspace/builds/worker-12/source:/opt/rustwide/workdir:ro,Z" "-v" "/var/lib/crater-agent-workspace/cargo-home:/opt/rustwide/cargo-home:ro,Z" "-v" "/var/lib/crater-agent-workspace/rustup-home:/opt/rustwide/rustup-home:ro,Z" "-e" "SOURCE_DIR=/opt/rustwide/workdir" "-e" "CARGO_TARGET_DIR=/opt/rustwide/target" "-e" "CARGO_INCREMENTAL=0" "-e" "RUST_BACKTRACE=full" "-e" "RUSTFLAGS=--cap-lints=forbid" "-e" "CARGO_HOME=/opt/rustwide/cargo-home" "-e" "RUSTUP_HOME=/opt/rustwide/rustup-home" "-w" "/opt/rustwide/workdir" "-m" "1610612736" "--user" "0:0" "--network" "none" "ghcr.io/rust-lang/crates-build-env/linux@sha256:20528e8c29e4536546f0102ce88568b16ea7538393a33fcca951030f7af10457" "/opt/rustwide/cargo-home/bin/cargo" "+881c1ac408d93bb7adaa3a51dabab9266e82eee8" "build" "--frozen" "--message-format=json", kill_on_drop: false }`
[INFO] [stdout] 94b4ddf6d0322ef81162412668869246b3bdbf9600f39b5d643f0fd084a31b3d
[INFO] [stderr] WARNING: Your kernel does not support swap limit capabilities or the cgroup is not mounted. Memory limited without swap.
[INFO] running `Command { std: "docker" "start" "-a" "94b4ddf6d0322ef81162412668869246b3bdbf9600f39b5d643f0fd084a31b3d", kill_on_drop: false }`
[INFO] [stderr]    Compiling num-traits v0.1.39
[INFO] [stderr]    Compiling libc v0.2.24
[INFO] [stderr]    Compiling sdl2-sys v0.30.0
[INFO] [stderr]    Compiling lazy_static v0.2.8
[INFO] [stderr]    Compiling bitflags v0.7.0
[INFO] [stderr]    Compiling lru_time_cache v0.6.0
[INFO] [stderr]    Compiling find_folder v0.3.0
[INFO] [stderr]    Compiling rand v0.3.15
[INFO] [stderr]    Compiling num-integer v0.1.34
[INFO] [stderr]    Compiling num-iter v0.1.33
[INFO] [stderr]    Compiling num v0.1.39
[INFO] [stderr]    Compiling sdl2 v0.30.0
[INFO] [stderr]    Compiling hoetz v0.1.0 (/opt/rustwide/workdir/hoetz)
[INFO] [stdout] warning: unnecessary parentheses around type
[INFO] [stdout]   --> hoetz/src/scene.rs:10:23
[INFO] [stdout]    |
[INFO] [stdout] 10 | pub type Init<M, A> = (fn(A) -> (M, Command));
[INFO] [stdout]    |                       ^^^^^^^^^^^^^^^^^^^^^^^ help: remove these parentheses
[INFO] [stdout]    |
[INFO] [stdout]    = note: `#[warn(unused_parens)]` on by default
[INFO] [stdout] 
[INFO] [stdout] 
[INFO] [stdout] warning: unnecessary parentheses around type
[INFO] [stdout]   --> hoetz/src/scene.rs:12:22
[INFO] [stdout]    |
[INFO] [stdout] 12 | pub type Update<M> = (fn(&M, &UIInput) -> (M, Command));
[INFO] [stdout]    |                      ^^^^^^^^^^^^^^^^^^^^^^^^^^^^^^^^^^ help: remove these parentheses
[INFO] [stdout] 
[INFO] [stdout] 
[INFO] [stdout] warning: anonymous parameters are deprecated and will be removed in the next edition.
[INFO] [stdout]   --> hoetz/src/scene.rs:19:26
[INFO] [stdout]    |
[INFO] [stdout] 19 |     fn update(&mut self, &UIInput) -> Option<BoxedScene<'a>>;
[INFO] [stdout]    |                          ^^^^^^^^ help: try naming the parameter or explicitly ignoring it: `_: &UIInput`
[INFO] [stdout]    |
[INFO] [stdout]    = note: `#[warn(anonymous_parameters)]` on by default
[INFO] [stdout]    = warning: this was previously accepted by the compiler but is being phased out; it will become a hard error in the 2018 edition!
[INFO] [stdout]    = note: for more information, see issue #41686 <https://github.com/rust-lang/rust/issues/41686>
[INFO] [stdout] 
[INFO] [stdout] 
[INFO] [stdout] warning: anonymous parameters are deprecated and will be removed in the next edition.
[INFO] [stdout]   --> hoetz/src/scene.rs:20:27
[INFO] [stdout]    |
[INFO] [stdout] 20 |     fn render_view(&self, &Context<'a>, u32);
[INFO] [stdout]    |                           ^^^^^^^^^^^^ help: try naming the parameter or explicitly ignoring it: `_: &Context<'a>`
[INFO] [stdout]    |
[INFO] [stdout]    = warning: this was previously accepted by the compiler but is being phased out; it will become a hard error in the 2018 edition!
[INFO] [stdout]    = note: for more information, see issue #41686 <https://github.com/rust-lang/rust/issues/41686>
[INFO] [stdout] 
[INFO] [stdout] 
[INFO] [stdout] warning: anonymous parameters are deprecated and will be removed in the next edition.
[INFO] [stdout]   --> hoetz/src/scene.rs:20:41
[INFO] [stdout]    |
[INFO] [stdout] 20 |     fn render_view(&self, &Context<'a>, u32);
[INFO] [stdout]    |                                         ^^^ help: try naming the parameter or explicitly ignoring it: `_: u32`
[INFO] [stdout]    |
[INFO] [stdout]    = warning: this was previously accepted by the compiler but is being phased out; it will become a hard error in the 2018 edition!
[INFO] [stdout]    = note: for more information, see issue #41686 <https://github.com/rust-lang/rust/issues/41686>
[INFO] [stdout] 
[INFO] [stdout] 
[INFO] [stdout] warning: anonymous parameters are deprecated and will be removed in the next edition.
[INFO] [stdout]   --> hoetz/src/scene.rs:21:33
[INFO] [stdout]    |
[INFO] [stdout] 21 |     fn resource_load(&mut self, &Context<'a>);
[INFO] [stdout]    |                                 ^^^^^^^^^^^^ help: try naming the parameter or explicitly ignoring it: `_: &Context<'a>`
[INFO] [stdout]    |
[INFO] [stdout]    = warning: this was previously accepted by the compiler but is being phased out; it will become a hard error in the 2018 edition!
[INFO] [stdout]    = note: for more information, see issue #41686 <https://github.com/rust-lang/rust/issues/41686>
[INFO] [stdout] 
[INFO] [stdout] 
[INFO] [stdout] warning: trait objects without an explicit `dyn` are deprecated
[INFO] [stdout]   --> hoetz/src/scene.rs:24:31
[INFO] [stdout]    |
[INFO] [stdout] 24 | pub type BoxedScene<'a> = Box<Scene<'a>>;
[INFO] [stdout]    |                               ^^^^^^^^^ help: use `dyn`: `dyn Scene<'a>`
[INFO] [stdout]    |
[INFO] [stdout]    = note: `#[warn(bare_trait_objects)]` on by default
[INFO] [stdout]    = warning: this was previously accepted by the compiler but is being phased out; it will become a hard error in the 2021 edition!
[INFO] [stdout]    = note: for more information, see issue #80165 <https://github.com/rust-lang/rust/issues/80165>
[INFO] [stdout] 
[INFO] [stdout] 
[INFO] [stdout] warning: trait objects without an explicit `dyn` are deprecated
[INFO] [stdout]   --> hoetz/src/event.rs:14:23
[INFO] [stdout]    |
[INFO] [stdout] 14 |     pub keyboard: &'a KeyboardState,
[INFO] [stdout]    |                       ^^^^^^^^^^^^^ help: use `dyn`: `dyn KeyboardState`
[INFO] [stdout]    |
[INFO] [stdout]    = warning: this was previously accepted by the compiler but is being phased out; it will become a hard error in the 2021 edition!
[INFO] [stdout]    = note: for more information, see issue #80165 <https://github.com/rust-lang/rust/issues/80165>
[INFO] [stdout] 
[INFO] [stdout] 
[INFO] [stdout] error[E0106]: missing lifetime specifier
[INFO] [stdout]   --> hoetz/src/lib.rs:24:53
[INFO] [stdout]    |
[INFO] [stdout] 24 | fn update(mut scene: BoxedScene, input: UIInput) -> BoxedScene {
[INFO] [stdout]    |                      ----------         -------     ^^^^^^^^^^ expected named lifetime parameter
[INFO] [stdout]    |
[INFO] [stdout]    = help: this function's return type contains a borrowed value, but the signature does not say whether it is borrowed from `scene` or `input`
[INFO] [stdout] help: consider introducing a named lifetime parameter
[INFO] [stdout]    |
[INFO] [stdout] 24 | fn update<'a>(mut scene: BoxedScene, input: UIInput) -> BoxedScene<'a> {
[INFO] [stdout]    |          ^^^^                                           ^^^^^^^^^^^^^^
[INFO] [stdout] 
[INFO] [stdout] 
[INFO] [stdout] error[E0106]: missing lifetime specifier
[INFO] [stdout]  --> hoetz/src/scene.rs:7:17
[INFO] [stdout]   |
[INFO] [stdout] 7 |     SceneChange(BoxedScene),
[INFO] [stdout]   |                 ^^^^^^^^^^ expected named lifetime parameter
[INFO] [stdout]   |
[INFO] [stdout] help: consider introducing a named lifetime parameter
[INFO] [stdout]   |
[INFO] [stdout] 5 | pub enum Command<'a> {
[INFO] [stdout] 6 |     None,
[INFO] [stdout] 7 |     SceneChange(BoxedScene<'a>),
[INFO] [stdout]   |
[INFO] [stdout] 
[INFO] [stdout] 
[INFO] [stdout] error[E0106]: missing lifetime specifier
[INFO] [stdout]   --> hoetz/src/scene.rs:34:42
[INFO] [stdout]    |
[INFO] [stdout] 34 | fn process_command(c: Command) -> Option<BoxedScene> {
[INFO] [stdout]    |                                          ^^^^^^^^^^ expected named lifetime parameter
[INFO] [stdout]    |
[INFO] [stdout]    = help: this function's return type contains a borrowed value with an elided lifetime, but the lifetime cannot be derived from the arguments
[INFO] [stdout] help: consider using the `'static` lifetime
[INFO] [stdout]    |
[INFO] [stdout] 34 | fn process_command(c: Command) -> Option<BoxedScene<'static>> {
[INFO] [stdout]    |                                          ^^^^^^^^^^^^^^^^^^^
[INFO] [stdout] 
[INFO] [stdout] 
[INFO] [stdout] error: aborting due to 3 previous errors; 8 warnings emitted
[INFO] [stdout] 
[INFO] [stdout] 
[INFO] [stdout] For more information about this error, try `rustc --explain E0106`.
[INFO] [stdout] 
[INFO] [stderr] error: could not compile `hoetz`
[INFO] [stderr] 
[INFO] [stderr] To learn more, run the command again with --verbose.
[INFO] [stderr] warning: build failed, waiting for other jobs to finish...
[INFO] [stderr] error: build failed
[INFO] running `Command { std: "docker" "inspect" "94b4ddf6d0322ef81162412668869246b3bdbf9600f39b5d643f0fd084a31b3d", kill_on_drop: false }`
[INFO] running `Command { std: "docker" "rm" "-f" "94b4ddf6d0322ef81162412668869246b3bdbf9600f39b5d643f0fd084a31b3d", kill_on_drop: false }`
[INFO] [stdout] 94b4ddf6d0322ef81162412668869246b3bdbf9600f39b5d643f0fd084a31b3d
